hat is the remainder when 112 is divided by b(n)?
36
Suppose 207 = g + 2*g. Let u be 26/2*(-6 + (12 - 5)). Let x = u + 5. What is the remainder when g is divided by x?
15
Let g = 23677 - 23606. What is the remainder when g is divided by 58?
13
Let y(k) = -12*k**2 + 3*k + 6. Suppose 0 = -5*u - g - 15, 0*g = u - 5*g - 23. Let p be y(u). Let v = p + 86. What is the remainder when v is divided by 8?
6
Suppose -12*u - 6*u = -3402. Suppose 0 = 6*d + 3*d - u. Calculate the remainder when 121 is divided by d.
16
Suppose 4*a - 75*w = -79*w + 176, -a - 3*w + 40 = 0. Suppose -p + 2*p - 8 = 0. Let l = p + 4. Calculate the remainder when a is divided by l.
10
Suppose -9*i - 207 = 486. Let r = 181 + i. Calculate the remainder when r is divided by 54.
50
Suppose -4*n + 222 + 2282 = 0. Let i = 648 - n. Calculate the remainder when i is divided by (2/4)/(1/4).
0
Let r = -24 - -53. Suppose 96*p - 336 - 7008 = -720. Calculate the remainder when p is divided by r.
11
Suppose -12*k + 7*k + 2*p = -610, 595 = 5*k + p. What is the remainder when 3597 is divided by k?
117
Suppose -2*f + 8 = -0. Let b(w) = -2*w - 1. Let x(m) = -16*m - 93. Let q(r) = b(r) - x(r). Calculate the remainder when q(-6) is divided by f.
0
Let k be (7 - -108)*(-154)/(-7). Suppose -38*v = 478 - k. What is the remainder when v is divided by 54?
0
Let u = -691 + 805. Calculate the remainder when u is divided by 17.
12
Let b be 1121/2 - ((-52)/(-8) - 6). Let t = 607 - b. Calculate the remainder when t is divided by 18.
11
Let v(z) = -z**3 + 9*z**2 + 4*z - 36. Let s be v(9). Suppose 4*x - 4 = s, 2*k - 8 = -4*x + 2*x. Calculate the remainder when 3 is divided by k.
0
Suppose 3*j - 3*l - 7785 = -6*l, 0 = 2*l - 6. Calculate the remainder when j is divided by 100.
92
Let k(b) = -b**3 - 73*b**2 - 164*b - 1352. What is the remainder when k(-71) is divided by 105?
0
Let m = -34 + 34. Suppose 5*r = 10 - m. Suppose 27 = r*k + 7. What is the remainder when 35 is divided by k?
5
Let d(u) = -u**3 - 7*u**2 - 7*u - 1. Suppose -104*w = -102*w - 4*g - 414, 5*w - 954 = g. Calculate the remainder when w is divided by d(-7).
45
Suppose -22*x + 13*x = -5823. Suppose 26*p - 28*p = -54. Calculate the remainder when x is divided by p.
26
Let f = 116 - 92. Let v(d) = 2*d**2 - d - 4. Let x be v(2). Suppose 2*y = i - 51, -3*y + 81 = x*i - 0*i. Calculate the remainder when i is divided by f.
21
Let f(q) = 8*q**2 + 118*q + 7. Let o(t) = 18*t - 41. Calculate the remainder when o(6) is divided by f(-15).
30
Suppose -2*x + 350 - 214 = 0. Suppose 7*i + 280 = 14*i. Calculate the remainder when x is divided by i.
28
Let c be 1*-8*(3 + (-18)/4). Suppose 0 = c*k - 9*k - 6. Suppose 3*h - k*h - 190 = -4*a, -366 = -2*h - a. Calculate the remainder when h is divided by 23.
21
Suppose -408*d + 406*d = -8. Suppose -b + 63 = d*m, 14*b - 2*m = 13*b + 45. What is the remainder when b is divided by 40?
11
Let l(n) = 2*n**3 + 11*n + 122. What is the remainder when 625 is divided by l(0)?
15
Suppose -4*f + 152 = -4*s, 3*f - 90 = 5*s + 30. Let t(w) = w + 100. What is the remainder when t(4) is divided by f?
34
Suppose 0 = 10*c - 17*c - 70. Let v be 8/c*(-7)/((-21)/15). Let j = v - -23. What is the remainder when j is divided by 7?
5
Let c = 74 + -65. Suppose -171 = -4*h + o, 5*h + 3*o = -c + 227. Let t = 13 + 2. Calculate the remainder when h is divided by t.
13
Let p(z) be the first derivative of z**4/4 - z**3/3 + 3*z**2 - 8*z + 61. Calculate the remainder when 21 is divided by p(2).
5
Suppose 44*a = 2559 + 213. Calculate the remainder when 866 is divided by a.
47
Let w(c) = -274*c + 1 + 9 - 5. What is the remainder when w(-1) is divided by 35?
34
Suppose 2*s - 74*p - 149 = -73*p, -161 = -2*s + 5*p. What is the remainder when 1536 is divided by s?
3
Let s = 13212 + -5898. What is the remainder when s is divided by 27?
24
Suppose 0 = 392*p - 321*p - 31666. Calculate the remainder when 896 is divided by p.
4
Let c = 43 - 30. Suppose c*h = 10*h + 150. Suppose -h = -7*b + 2*b. What is the remainder when 49 is divided by b?
9
Let f be 12/14*(-49)/(-14). Suppose -5*t - 2 = -3*h, -26*t + 25*t = -f*h + 22. Calculate the remainder when 18 is divided by h.
0
Suppose y = -3*b + 74, -5*b + 10 = -15. Let x be 11/33 + 4/(12/(-499)). Let j = x - -172. What is the remainder when y is divided by j?
5
Suppose -5*c + 1 + 9 = 0. Suppose -8 = -c*t - 6. Calculate the remainder when 150 is divided by -6 - -47 - (t + 2).
36
What is the remainder when (-6)/(-2 + 5) + 3904/8 is divided by 8?
6
Suppose -190 = -k - 4*n, 1362 - 454 = 5*k - n. Let p(x) = 60*x**2 + 2*x - 1. Calculate the remainder when p(1) is divided by (-15)/40 - k/(-16).
6
Let c(y) = -y + 23. What is the remainder when (44/26)/((-200)/(-5200)) is divided by c(0)?
21
Suppose -160 = -4*d - 168. What is the remainder when 149 is divided by ((-20)/(-8) + d)*62?
25
Suppose -3*v + 20 + 199 = 0. Let j = -47739 - -47746. Calculate the remainder when v is divided by j.
3
What is the remainder when 125076/1764 - (-2)/21 is divided by 29?
13
Suppose 0 = 4*f + 3*z - 57, -4*f + 5*z + 30 + 3 = 0. Let l = 149 + -20. What is the remainder when 0 - l/((-12)/4) is divided by f?
7
Suppose 3*g = 2*p - 199 - 33, -3*g + 107 = p. Let f = 111 + -53. Calculate the remainder when p is divided by f.
55
Suppose -5 = -4*j + 5*v, 27*v - 24*v = 9. Let d(m) = -m. Let c = 22 + -28. What is the remainder when d(c) is divided by j?
1
What is the remainder when 2538 is divided by 55/33 - ((-1270)/30 - -8)?
18
Suppose -75 - 155 = -46*g. Let m = 12 - 7. Suppose -5*n + 130 = 5*p, m*n - n = -5*p + 102. What is the remainder when n is divided by g?
3
Suppose -16 = -4*r, 1127 - 3366 = -3*h - 4*r. Calculate the remainder when h is divided by 216.
93
Let d be (-196)/(-12) - (-1)/(-3). Let u be (4/d + -1)*-4. Suppose u*x + 3*x = 102. Calculate the remainder when x is divided by 6.
5
Let t = 8 + -10. What is the remainder when (-550)/(-20) + 3/t is divided by ((-210)/4)/(-21)*6?
11
Suppose 35*o - 29*o = -37*o + 6794. Calculate the remainder when 322 is divided by o.
6
Suppose 3*r + 5*u = 171, 3*u - 61 + 175 = 2*r. Suppose 3*o + 4 = -14. Calculate the remainder when r is divided by -2*o*(-5)/(-4).
12
Suppose 96*x - 87*x = 396. Calculate the remainder when (-11)/x + (-1098)/(-8) + 2 is divided by 28.
27
Let t(g) = 7*g - 365. Suppose -u = -2*j + 2 + 6, 0 = j - u - 5. Suppose -46 = j*d - 265. What is the remainder when d is divided by t(55)?
13
Let q = 4 - 36. Suppose 3*g - 112 = 5*r, -2*g + 0*g + r = -77. Let b = q + g. Calculate the remainder when 19 is divided by b.
5
Suppose 0 = 200*s - 148*s - 70148. What is the remainder when s is divided by 54?
53
Suppose l - 2*n - 350 = -3*l, 2*l - 181 = 3*n. Calculate the remainder when l is divided by (627/(-76))/((-15)/20).
9
Suppose 545 = 55*b + 160. What is the remainder when 2704 is divided by b?
2
Let m = -672 - -360. Let h = m + 479. Calculate the remainder when h is divided by 58.
51
Let a = -2 - -5. Suppose -2*z - a*z + 15 = 0. Suppose 23*u = 7*u + 141 - 13. Calculate the remainder when u is divided by z.
2
Suppose -5*l = b - 3*b - 55, 4*b = -2*l - 2. Suppose -l*k + 259 + 137 = 0. Let i = k - 32. What is the remainder when 69 is divided by i?
9
Let w = 62 + -39. Let d(i) = -i**2 - 40*i - 11. Suppose 0 = -8*t + 147 - 451. Calculate the remainder when d(t) is divided by w.
19
Suppose 8*d = 9 + 15. Let v = d - -3. What is the remainder when 8 is divided by v?
2
Suppose -991 + 11762 = 72*z + 1267. Calculate the remainder when 642 is divided by z.
114
Let a be (0 - -2)*2 + 56 + -56. Suppose -5*g = -a*j - 60, 0 = g + 2*j - 3*j - 13. Calculate the remainder when (10/(240/(-234)))/((-2)/g) is divided by 5.
4
Let f be 505 - (3 + (0 - -6)). Suppose 21*l - f = -55. What is the remainder when 56 is divided by l?
14
Suppose 5*i - 5*l = 129 - 44, -5*l = i + 1. Calculate the remainder when (22/(748/2091))/(4/8) is divided by i.
11
Let n(m) = m**3 - 58*m**2 + 573*m + 570. Suppose 0 = -5*p + 82 - 27. What is the remainder when n(45) is divided by p?
8
Let f = 93 + -56. What is the remainder when f is divided by (-130)/(-39)*9/5?
1
Suppose 8 = q + q + j, -q + 3 = j. Suppose -3*s - 12 = 0, 5*t - 3*s = -q + 7. What is the remainder when 15 is divided by (12/(-18))/(t*1/21)?
1
Let f = -2979 - -3774. Calculate the remain